{"id":55,"date":"2025-02-14T06:59:54","date_gmt":"2025-02-14T06:59:54","guid":{"rendered":"http:\/\/www.caganosgb.com.tr\/?page_id=55"},"modified":"2025-02-17T18:54:26","modified_gmt":"2025-02-17T18:54:26","slug":"is-guvenligi-uzmanligi","status":"publish","type":"page","link":"http:\/\/www.caganosgb.com.tr\/index.php\/is-guvenligi-uzmanligi\/","title":{"rendered":"\u0130\u015f G\u00fcvenli\u011fi Uzmanl\u0131\u011f\u0131"},"content":{"rendered":"\n<p class=\"has-secondary-color has-text-color has-link-color wp-elements-db7d1f5525b809cc4e6463655a1e456e\" style=\"font-size:25px\"><strong>\u0130\u015f G\u00fcvenli\u011fi Uzmanl\u0131\u011f\u0131<\/strong><\/p>\n\n\n\n<p class=\"has-secondary-color has-text-color has-link-color wp-elements-9041669981586448a42a7c3b65a14c61\">\u0130\u015f G\u00fcvenli\u011fi Uzmanl\u0131\u011f\u0131, i\u015fyerlerinde i\u015f sa\u011fl\u0131\u011f\u0131 ve g\u00fcvenli\u011fi (\u0130SG) alan\u0131nda \u00e7al\u0131\u015fanlar\u0131n g\u00fcvenli\u011fini sa\u011flamak, i\u015f kazalar\u0131n\u0131 ve meslek hastal\u0131klar\u0131n\u0131 \u00f6nlemek amac\u0131yla faaliyet g\u00f6steren bir uzmanl\u0131k alan\u0131d\u0131r. \u0130\u015f g\u00fcvenli\u011fi uzmanlar\u0131, i\u015fyerlerindeki fiziksel, kimyasal, biyolojik ve ergonomik riskleri de\u011ferlendirir, gerekli \u00f6nlemleri al\u0131r ve i\u015fyerlerinin \u0130SG mevzuat\u0131na uyum sa\u011flamas\u0131na yard\u0131mc\u0131 olur. \u0130\u015f g\u00fcvenli\u011fi uzmanl\u0131\u011f\u0131,\u00a06331 say\u0131l\u0131 \u0130\u015f Sa\u011fl\u0131\u011f\u0131 ve G\u00fcvenli\u011fi Kanunu\u00a0kapsam\u0131nda zorunlu bir hizmettir.<\/p>\n\n\n\n<hr class=\"wp-block-separator has-alpha-channel-opacity\"\/>\n\n\n\n<h3 class=\"wp-block-heading\"><strong>\u0130\u015f G\u00fcvenli\u011fi Uzmanl\u0131\u011f\u0131n\u0131n Amac\u0131<\/strong><\/h3>\n\n\n\n<p class=\"has-secondary-color has-text-color has-link-color wp-elements-2639084ffb146b3120c8430f908843a7\">\u0130\u015f g\u00fcvenli\u011fi uzmanl\u0131\u011f\u0131n\u0131n temel amac\u0131, i\u015fyerlerinde g\u00fcvenli bir \u00e7al\u0131\u015fma ortam\u0131 olu\u015fturmak ve \u00e7al\u0131\u015fanlar\u0131n sa\u011fl\u0131\u011f\u0131n\u0131 korumakt\u0131r. Bu ama\u00e7la \u015fu hedefler belirlenmi\u015ftir:<\/p>\n\n\n\n<ul class=\"wp-block-list has-secondary-color has-text-color has-link-color wp-elements-94f430fbe321b21011fc9365e7048178\">\n<li>\u0130\u015f kazalar\u0131n\u0131 ve meslek hastal\u0131klar\u0131n\u0131 \u00f6nlemek,<\/li>\n\n\n\n<li>\u00c7al\u0131\u015fma ortam\u0131ndaki riskleri belirlemek ve kontrol alt\u0131na almak,<\/li>\n\n\n\n<li>\u0130\u015fyerlerinin \u0130SG mevzuat\u0131na uyum sa\u011flamas\u0131n\u0131 sa\u011flamak,<\/li>\n\n\n\n<li>\u00c7al\u0131\u015fanlar\u0131n g\u00fcvenli \u00e7al\u0131\u015fma al\u0131\u015fkanl\u0131klar\u0131 kazanmas\u0131n\u0131 sa\u011flamak.<\/li>\n<\/ul>\n\n\n\n<hr class=\"wp-block-separator has-alpha-channel-opacity\"\/>\n\n\n\n<h3 class=\"wp-block-heading\"><strong>\u0130\u015f G\u00fcvenli\u011fi Uzman\u0131n\u0131n G\u00f6rev ve Sorumluluklar\u0131<\/strong><\/h3>\n\n\n\n<p class=\"has-secondary-color has-text-color has-link-color wp-elements-ac7c93c099842b1d0dc49191a9ce65c7\">\u0130\u015f g\u00fcvenli\u011fi uzmanlar\u0131, i\u015fyerlerinde \u00e7e\u015fitli g\u00f6rev ve sorumluluklar \u00fcstlenir. Bu g\u00f6revler \u015funlar\u0131 i\u00e7erir:<\/p>\n\n\n\n<h4 class=\"wp-block-heading\">1.&nbsp;<strong>Risk De\u011ferlendirmesi ve Analizi<\/strong><\/h4>\n\n\n\n<ul class=\"wp-block-list has-secondary-color has-text-color has-link-color wp-elements-c6550428669a37d40d6e55f5963a4e5e\">\n<li>\u0130\u015fyerindeki fiziksel, kimyasal, biyolojik ve ergonomik riskleri belirler.<\/li>\n\n\n\n<li>Riskleri derecelendirir ve \u00f6nceliklendirir.<\/li>\n\n\n\n<li>Riskleri ortadan kald\u0131rmak veya en aza indirmek i\u00e7in \u00f6nlemler al\u0131r.<\/li>\n<\/ul>\n\n\n\n<h4 class=\"wp-block-heading\">2.&nbsp;<strong>\u0130\u015f Sa\u011fl\u0131\u011f\u0131 ve G\u00fcvenli\u011fi E\u011fitimleri<\/strong><\/h4>\n\n\n\n<ul class=\"wp-block-list has-secondary-color has-text-color has-link-color wp-elements-a591f78ed3764ad4b72b390a774c6c8e\">\n<li>\u00c7al\u0131\u015fanlara i\u015f sa\u011fl\u0131\u011f\u0131 ve g\u00fcvenli\u011fi konusunda e\u011fitimler verir.<\/li>\n\n\n\n<li>\u0130\u015fe yeni ba\u015flayanlar i\u00e7in oryantasyon e\u011fitimleri d\u00fczenler.<\/li>\n\n\n\n<li>Acil durum e\u011fitimleri (yang\u0131n, ilk yard\u0131m vb.) sunar.<\/li>\n<\/ul>\n\n\n\n<h4 class=\"wp-block-heading\">3.&nbsp;<strong>\u0130\u015fyeri Denetimleri<\/strong><\/h4>\n\n\n\n<ul class=\"wp-block-list has-secondary-color has-text-color has-link-color wp-elements-b9a03c0687fba5b2fe750c37914078f8\">\n<li>\u0130\u015fyerindeki g\u00fcvenlik \u00f6nlemlerini denetler.<\/li>\n\n\n\n<li>Ki\u015fisel koruyucu donan\u0131m (KKD) kullan\u0131m\u0131n\u0131 kontrol eder.<\/li>\n\n\n\n<li>Makine ve ekipmanlar\u0131n g\u00fcvenli kullan\u0131m\u0131n\u0131 sa\u011flar.<\/li>\n<\/ul>\n\n\n\n<h4 class=\"wp-block-heading\">4.&nbsp;<strong>Acil Durum Planlamas\u0131<\/strong><\/h4>\n\n\n\n<ul class=\"wp-block-list has-secondary-color has-text-color has-link-color wp-elements-00e9ea3fa72d089e29570dbf38d0c410\">\n<li>\u0130\u015fyerinde olas\u0131 acil durumlara (yang\u0131n, deprem, kimyasal s\u0131z\u0131nt\u0131 vb.) kar\u015f\u0131 haz\u0131rl\u0131kl\u0131 olunmas\u0131n\u0131 sa\u011flar.<\/li>\n\n\n\n<li>Acil durum planlar\u0131 haz\u0131rlar ve tatbikatlar d\u00fczenler.<\/li>\n<\/ul>\n\n\n\n<h4 class=\"wp-block-heading\">5.&nbsp;<strong>Yasal Mevzuata Uyum<\/strong><\/h4>\n\n\n\n<ul class=\"wp-block-list has-secondary-color has-text-color has-link-color wp-elements-c4917546ebf377e027053642533d458b\">\n<li>\u0130\u015fyerinin \u0130SG mevzuat\u0131na uyum sa\u011flamas\u0131na yard\u0131mc\u0131 olur.<\/li>\n\n\n\n<li>\u0130SG ile ilgili belgelerin haz\u0131rlanmas\u0131n\u0131 ve dosyalanmas\u0131n\u0131 sa\u011flar.<\/li>\n<\/ul>\n\n\n\n<h4 class=\"wp-block-heading\">6.&nbsp;<strong>\u0130\u015f Kazas\u0131 ve Meslek Hastal\u0131klar\u0131n\u0131n \u00d6nlenmesi<\/strong><\/h4>\n\n\n\n<ul class=\"wp-block-list has-secondary-color has-text-color has-link-color wp-elements-9d80846c1d37bc2fe1e620d75b4aa862\">\n<li>\u0130\u015f kazalar\u0131n\u0131n nedenlerini ara\u015ft\u0131r\u0131r ve benzer kazalar\u0131n \u00f6nlenmesi i\u00e7in \u00f6nlemler al\u0131r.<\/li>\n\n\n\n<li>Meslek hastal\u0131klar\u0131na y\u00f6nelik \u00f6nlemler al\u0131r.<\/li>\n<\/ul>\n\n\n\n<h4 class=\"wp-block-heading\">7.&nbsp;<strong>\u0130\u015f Hijyeni \u00d6l\u00e7\u00fcmleri<\/strong><\/h4>\n\n\n\n<ul class=\"wp-block-list has-secondary-color has-text-color has-link-color wp-elements-d64ff3567c0a37af222f15ddeb322f88\">\n<li>\u0130\u015fyerindeki g\u00fcr\u00fclt\u00fc, toz, kimyasal maruziyet gibi fakt\u00f6rleri \u00f6l\u00e7er.<\/li>\n\n\n\n<li>\u00c7al\u0131\u015fma ortam\u0131n\u0131n sa\u011fl\u0131kl\u0131 ve g\u00fcvenli olmas\u0131n\u0131 sa\u011flar.<\/li>\n<\/ul>\n\n\n\n<hr class=\"wp-block-separator has-alpha-channel-opacity\"\/>\n\n\n\n<h3 class=\"wp-block-heading\"><strong>\u0130\u015f G\u00fcvenli\u011fi Uzmanl\u0131\u011f\u0131 Hizmetleri<\/strong><\/h3>\n\n\n\n<p class=\"has-secondary-color has-text-color has-link-color wp-elements-5a84a3d6c43acb4f2c663266c761fcc7\" style=\"font-size:18px\">\u0130\u015f g\u00fcvenli\u011fi uzmanl\u0131\u011f\u0131 kapsam\u0131nda sunulan hizmetler \u015funlard\u0131r:<\/p>\n\n\n\n<h4 class=\"wp-block-heading\">1.&nbsp;<strong>Risk De\u011ferlendirmesi<\/strong><\/h4>\n\n\n\n<ul class=\"wp-block-list has-secondary-color has-text-color has-link-color wp-elements-74feacb772712982a886a9655386f7ec\">\n<li>\u0130\u015fyerindeki riskleri belirler ve analiz eder.<\/li>\n\n\n\n<li>Riskleri ortadan kald\u0131rmak veya en aza indirmek i\u00e7in \u00f6nlemler al\u0131r.<\/li>\n<\/ul>\n\n\n\n<h4 class=\"wp-block-heading\">2.&nbsp;<strong>E\u011fitim ve Bilin\u00e7lendirme<\/strong><\/h4>\n\n\n\n<ul class=\"wp-block-list has-secondary-color has-text-color has-link-color wp-elements-9811c1deeb87b806fde1384c53c97c63\">\n<li>\u00c7al\u0131\u015fanlara i\u015f sa\u011fl\u0131\u011f\u0131 ve g\u00fcvenli\u011fi konusunda e\u011fitimler verir.<\/li>\n\n\n\n<li>G\u00fcvenli \u00e7al\u0131\u015fma al\u0131\u015fkanl\u0131klar\u0131 kazand\u0131rmaya y\u00f6nelik bilgilendirmeler yapar.<\/li>\n<\/ul>\n\n\n\n<h4 class=\"wp-block-heading\">3.&nbsp;<strong>\u0130\u015fyeri Denetimleri<\/strong><\/h4>\n\n\n\n<ul class=\"wp-block-list\">\n<li class=\"has-secondary-color has-text-color has-link-color wp-elements-0d6c5ef53d5bd90ebe3691f777773437\">\u0130\u015fyerindeki g\u00fcvenlik \u00f6nlemlerini denetler.<\/li>\n\n\n\n<li class=\"has-secondary-color has-text-color has-link-color wp-elements-2ba0a995db6f74b2bd1ba4dcc3abaa4e\">Ki\u015fisel koruyucu donan\u0131m (KKD) kullan\u0131m\u0131n\u0131 kontrol eder.<\/li>\n<\/ul>\n\n\n\n<h4 class=\"wp-block-heading\">4.&nbsp;<strong>Acil Durum Planlamas\u0131<\/strong><\/h4>\n\n\n\n<ul class=\"wp-block-list has-secondary-color has-text-color has-link-color wp-elements-4a5c4b2ba9237b7535771d43ea0a2af1\">\n<li>\u0130\u015fyerinde olas\u0131 acil durumlara kar\u015f\u0131 haz\u0131rl\u0131kl\u0131 olunmas\u0131n\u0131 sa\u011flar.<\/li>\n\n\n\n<li>Acil durum planlar\u0131 haz\u0131rlar ve tatbikatlar d\u00fczenler.<\/li>\n<\/ul>\n\n\n\n<h4 class=\"wp-block-heading\">5.&nbsp;<strong>Yasal Mevzuata Uyum<\/strong><\/h4>\n\n\n\n<ul class=\"wp-block-list has-secondary-color has-text-color has-link-color wp-elements-c4917546ebf377e027053642533d458b\">\n<li>\u0130\u015fyerinin \u0130SG mevzuat\u0131na uyum sa\u011flamas\u0131na yard\u0131mc\u0131 olur.<\/li>\n\n\n\n<li>\u0130SG ile ilgili belgelerin haz\u0131rlanmas\u0131n\u0131 ve dosyalanmas\u0131n\u0131 sa\u011flar.<\/li>\n<\/ul>\n\n\n\n<h4 class=\"wp-block-heading\">6.&nbsp;<strong>\u0130\u015f Hijyeni \u00d6l\u00e7\u00fcmleri<\/strong><\/h4>\n\n\n\n<ul class=\"wp-block-list has-secondary-color has-text-color has-link-color wp-elements-d64ff3567c0a37af222f15ddeb322f88\">\n<li>\u0130\u015fyerindeki g\u00fcr\u00fclt\u00fc, toz, kimyasal maruziyet gibi fakt\u00f6rleri \u00f6l\u00e7er.<\/li>\n\n\n\n<li>\u00c7al\u0131\u015fma ortam\u0131n\u0131n sa\u011fl\u0131kl\u0131 ve g\u00fcvenli olmas\u0131n\u0131 sa\u011flar.<\/li>\n<\/ul>\n\n\n\n<hr class=\"wp-block-separator has-alpha-channel-opacity\"\/>\n\n\n\n<h3 class=\"wp-block-heading\"><strong>\u0130\u015f G\u00fcvenli\u011fi Uzmanl\u0131\u011f\u0131n\u0131n Yasal Dayana\u011f\u0131<\/strong><\/h3>\n\n\n\n<p class=\"has-secondary-color has-text-color has-link-color wp-elements-55318f93311e6b32b93a13bf54c40adb\">\u0130\u015f g\u00fcvenli\u011fi uzmanl\u0131\u011f\u0131,&nbsp;6331 say\u0131l\u0131 \u0130\u015f Sa\u011fl\u0131\u011f\u0131 ve G\u00fcvenli\u011fi Kanunu&nbsp;ve&nbsp;\u0130\u015f G\u00fcvenli\u011fi Uzmanlar\u0131n\u0131n G\u00f6rev, Yetki, Sorumluluk ve E\u011fitimleri Hakk\u0131nda Y\u00f6netmelik&nbsp;kapsam\u0131nda d\u00fczenlenmi\u015ftir. Bu yasal mevzuata g\u00f6re:<\/p>\n\n\n\n<ul class=\"wp-block-list has-secondary-color has-text-color has-link-color wp-elements-275e0fb2750315ced3c7a35f3215ebae\">\n<li>\u0130\u015f g\u00fcvenli\u011fi uzman\u0131 \u00e7al\u0131\u015ft\u0131rmak, belirli say\u0131da \u00e7al\u0131\u015fan\u0131 olan i\u015fyerleri i\u00e7in zorunludur.<\/li>\n\n\n\n<li>\u0130\u015f g\u00fcvenli\u011fi uzmanlar\u0131, \u00c7al\u0131\u015fma ve Sosyal G\u00fcvenlik Bakanl\u0131\u011f\u0131 taraf\u0131ndan yetkilendirilmi\u015f e\u011fitim kurumlar\u0131ndan sertifika almal\u0131d\u0131r.<\/li>\n<\/ul>\n\n\n\n<hr class=\"wp-block-separator has-alpha-channel-opacity\"\/>\n\n\n\n<h3 class=\"wp-block-heading\"><strong>\u0130\u015f G\u00fcvenli\u011fi Uzmanl\u0131\u011f\u0131n\u0131n \u00d6nemi<\/strong><\/h3>\n\n\n\n<p class=\"has-secondary-color has-text-color has-link-color wp-elements-56f10d78686d2f8b0e1e32aec668e3ad\">\u0130\u015f g\u00fcvenli\u011fi uzmanl\u0131\u011f\u0131, i\u015fyerlerinde g\u00fcvenli bir \u00e7al\u0131\u015fma ortam\u0131 olu\u015fturmak i\u00e7in kritik bir role sahiptir. Bu hizmet sayesinde:<\/p>\n\n\n\n<ul class=\"wp-block-list has-secondary-color has-text-color has-link-color wp-elements-2638ce4688210378b9cc38127d607c4b\">\n<li>\u0130\u015f kazalar\u0131 ve meslek hastal\u0131klar\u0131 \u00f6nlenir,<\/li>\n\n\n\n<li>\u00c7al\u0131\u015fanlar\u0131n g\u00fcvenli\u011fi sa\u011flan\u0131r,<\/li>\n\n\n\n<li>\u0130\u015fyerlerinin yasal y\u00fck\u00fcml\u00fcl\u00fckleri yerine getirilir,<\/li>\n\n\n\n<li>\u00c7al\u0131\u015fanlar\u0131n motivasyonu ve verimlili\u011fi artar.<\/li>\n<\/ul>\n\n\n\n<hr class=\"wp-block-separator has-alpha-channel-opacity\"\/>\n\n\n\n<h3 class=\"wp-block-heading\"><strong>Sonu\u00e7<\/strong><\/h3>\n\n\n\n<p class=\"has-secondary-color has-text-color has-link-color wp-elements-98600a683dc862c98c184e46b2ad2839\">\u0130\u015f g\u00fcvenli\u011fi uzmanl\u0131\u011f\u0131, i\u015f sa\u011fl\u0131\u011f\u0131 ve g\u00fcvenli\u011fi alan\u0131nda \u00e7al\u0131\u015fanlar\u0131n g\u00fcvenli\u011fini sa\u011flamak ve i\u015fyerindeki riskleri en aza indirmek amac\u0131yla faaliyet g\u00f6steren \u00f6nemli bir hizmettir. \u0130\u015f g\u00fcvenli\u011fi uzmanlar\u0131, i\u015fyerlerindeki fiziksel, kimyasal, biyolojik ve ergonomik riskleri de\u011ferlendirir, gerekli \u00f6nlemleri al\u0131r ve i\u015fyerlerinin \u0130SG mevzuat\u0131na uyum sa\u011flamas\u0131na yard\u0131mc\u0131 olur. Bu hizmet, hem \u00e7al\u0131\u015fanlar\u0131n refah\u0131 hem de i\u015fletmelerin s\u00fcrd\u00fcr\u00fclebilirli\u011fi a\u00e7\u0131s\u0131ndan b\u00fcy\u00fck \u00f6nem ta\u015f\u0131r.<\/p>\n","protected":false},"excerpt":{"rendered":"<p>\u0130\u015f G\u00fcvenli\u011fi Uzmanl\u0131\u011f\u0131 \u0130\u015f G\u00fcvenli\u011fi Uzmanl\u0131\u011f\u0131, i\u015fyerlerinde i\u015f sa\u011fl\u0131\u011f\u0131 ve g\u00fcvenli\u011fi (\u0130SG) alan\u0131nda \u00e7al\u0131\u015fanlar\u0131n g\u00fcvenli\u011fini sa\u011flamak, i\u015f kazalar\u0131n\u0131 ve meslek hastal\u0131klar\u0131n\u0131 \u00f6nlemek amac\u0131yla faaliyet g\u00f6steren bir uzmanl\u0131k alan\u0131d\u0131r. \u0130\u015f g\u00fcvenli\u011fi uzmanlar\u0131, i\u015fyerlerindeki fiziksel, kimyasal, biyolojik ve ergonomik riskleri de\u011ferlendirir, gerekli \u00f6nlemleri al\u0131r ve i\u015fyerlerinin \u0130SG mevzuat\u0131na uyum sa\u011flamas\u0131na yard\u0131mc\u0131 olur. \u0130\u015f g\u00fcvenli\u011fi uzmanl\u0131\u011f\u0131,\u00a06331 say\u0131l\u0131 \u0130\u015f [&hellip;]<\/p>\n","protected":false},"author":1,"featured_media":0,"parent":0,"menu_order":0,"comment_status":"closed","ping_status":"closed","template":"","meta":{"footnotes":""},"class_list":["post-55","page","type-page","status-publish","hentry"],"_links":{"self":[{"href":"http:\/\/www.caganosgb.com.tr\/index.php\/wp-json\/wp\/v2\/pages\/55","targetHints":{"allow":["GET"]}}],"collection":[{"href":"http:\/\/www.caganosgb.com.tr\/index.php\/wp-json\/wp\/v2\/pages"}],"about":[{"href":"http:\/\/www.caganosgb.com.tr\/index.php\/wp-json\/wp\/v2\/types\/page"}],"author":[{"embeddable":true,"href":"http:\/\/www.caganosgb.com.tr\/index.php\/wp-json\/wp\/v2\/users\/1"}],"replies":[{"embeddable":true,"href":"http:\/\/www.caganosgb.com.tr\/index.php\/wp-json\/wp\/v2\/comments?post=55"}],"version-history":[{"count":4,"href":"http:\/\/www.caganosgb.com.tr\/index.php\/wp-json\/wp\/v2\/pages\/55\/revisions"}],"predecessor-version":[{"id":231,"href":"http:\/\/www.caganosgb.com.tr\/index.php\/wp-json\/wp\/v2\/pages\/55\/revisions\/231"}],"wp:attachment":[{"href":"http:\/\/www.caganosgb.com.tr\/index.php\/wp-json\/wp\/v2\/media?parent=55"}],"curies":[{"name":"wp","href":"https:\/\/api.w.org\/{rel}","templated":true}]}}