{"id":259,"date":"2025-02-20T17:59:14","date_gmt":"2025-02-20T17:59:14","guid":{"rendered":"http:\/\/www.caganosgb.com.tr\/?page_id=259"},"modified":"2025-02-20T19:03:44","modified_gmt":"2025-02-20T19:03:44","slug":"iso-14001-cevre-yonetimi-sistemi","status":"publish","type":"page","link":"http:\/\/www.caganosgb.com.tr\/index.php\/iso-14001-cevre-yonetimi-sistemi\/","title":{"rendered":"ISO 14001 \u00c7evre Y\u00f6netimi Sistemi"},"content":{"rendered":"\n<p class=\"has-secondary-color has-text-color has-link-color wp-elements-1dee2822814f5bacf9c39e039866b53a\" style=\"font-size:25px\"><strong>ISO 14001 \u00c7evre Y\u00f6netimi Sistemi<\/strong><\/p>\n\n\n\n<p class=\"has-secondary-color has-text-color has-link-color wp-elements-366bb45d238c0c17e8e7117635d8983f\">ISO 14001, \u00e7evre y\u00f6netim sistemleri (\u00c7YS) i\u00e7in uluslararas\u0131 bir standartt\u0131r ve kurulu\u015flar\u0131n \u00e7evresel etkilerini y\u00f6netmelerine, azaltmalar\u0131na ve s\u00fcrd\u00fcr\u00fclebilir uygulamalar geli\u015ftirmelerine yard\u0131mc\u0131 olur. Bu standart, ISO (Uluslararas\u0131 Standardizasyon \u00d6rg\u00fct\u00fc) taraf\u0131ndan geli\u015ftirilmi\u015ftir ve kurulu\u015flar\u0131n \u00e7evresel performanslar\u0131n\u0131 iyile\u015ftirmeleri i\u00e7in bir \u00e7er\u00e7eve sunar.<\/p>\n\n\n\n<h3 class=\"wp-block-heading\">ISO 14001&#8217;in Temel \u00d6zellikleri:<\/h3>\n\n\n\n<ol start=\"1\" class=\"wp-block-list has-secondary-color has-text-color has-link-color wp-elements-b3d40418f88c4a36f36c065b4e1b3d64\">\n<li><strong>\u00c7evre Politikas\u0131<\/strong>: Kurulu\u015fun \u00e7evresel taahh\u00fctlerini ve hedeflerini belirler.<\/li>\n\n\n\n<li><strong>Planlama<\/strong>: \u00c7evresel etkilerin belirlenmesi, yasal gerekliliklerin de\u011ferlendirilmesi ve hedeflerin olu\u015fturulmas\u0131.<\/li>\n\n\n\n<li><strong>Uygulama ve \u0130\u015fletme<\/strong>: \u00c7evre y\u00f6netim sisteminin etkin bir \u015fekilde uygulanmas\u0131, personel e\u011fitimi, ileti\u015fim ve dok\u00fcmantasyon.<\/li>\n\n\n\n<li><strong>Kontrol ve D\u00fczeltici Faaliyetler<\/strong>: Performans\u0131n izlenmesi, uygunluk de\u011ferlendirmesi, d\u00fczeltici ve \u00f6nleyici faaliyetler.<\/li>\n\n\n\n<li><strong>Y\u00f6netim G\u00f6zden Ge\u00e7irmesi<\/strong>: \u00dcst y\u00f6netimin sistemi g\u00f6zden ge\u00e7irmesi ve s\u00fcrekli iyile\u015ftirme.<\/li>\n<\/ol>\n\n\n\n<h3 class=\"wp-block-heading\">ISO 14001&#8217;in Faydalar\u0131:<\/h3>\n\n\n\n<ul class=\"wp-block-list has-secondary-color has-text-color has-link-color wp-elements-f30c2003595e2afa19136a9f72aacb71\">\n<li><strong>\u00c7evresel Performans\u0131n \u0130yile\u015ftirilmesi<\/strong>: Kurulu\u015flar\u0131n \u00e7evresel etkilerini azaltmalar\u0131na ve do\u011fal kaynaklar\u0131 daha verimli kullanmalar\u0131na olanak tan\u0131r.<\/li>\n\n\n\n<li><strong>Yasal Uyum<\/strong>: Yasal ve d\u00fczenleyici gerekliliklere uyum sa\u011flanmas\u0131na yard\u0131mc\u0131 olur.<\/li>\n\n\n\n<li><strong>Maliyet Tasarrufu<\/strong>: Enerji ve malzeme kullan\u0131m\u0131n\u0131n optimize edilmesiyle maliyetler azalt\u0131labilir.<\/li>\n\n\n\n<li><strong>\u0130tibar ve Rekabet Avantaj\u0131<\/strong>: \u00c7evreye duyarl\u0131 bir kurulu\u015f imaj\u0131, m\u00fc\u015fteriler ve payda\u015flar nezdinde olumlu bir etki yarat\u0131r.<\/li>\n\n\n\n<li><strong>Risk Y\u00f6netimi<\/strong>: \u00c7evresel risklerin belirlenmesi ve y\u00f6netilmesi, olas\u0131 sorunlar\u0131n \u00f6nlenmesine yard\u0131mc\u0131 olur.<\/li>\n<\/ul>\n\n\n\n<h3 class=\"wp-block-heading\">ISO 14001 Sertifikasyon S\u00fcreci:<\/h3>\n\n\n\n<ol start=\"1\" class=\"wp-block-list has-secondary-color has-text-color has-link-color wp-elements-244e442c1360216c978d8a99d6f65f50\">\n<li><strong>Gap Analizi<\/strong>: Mevcut uygulamalar\u0131n ISO 14001 gereklilikleriyle kar\u015f\u0131la\u015ft\u0131r\u0131lmas\u0131.<\/li>\n\n\n\n<li><strong>Dok\u00fcmantasyon<\/strong>: Gerekli prosed\u00fcrlerin, politikalar\u0131n ve kay\u0131tlar\u0131n olu\u015fturulmas\u0131.<\/li>\n\n\n\n<li><strong>E\u011fitim<\/strong>: Personelin \u00e7evre y\u00f6netim sistemi konusunda e\u011fitilmesi.<\/li>\n\n\n\n<li><strong>Uygulama<\/strong>: Sistemin kurulu\u015f genelinde uygulanmas\u0131.<\/li>\n\n\n\n<li><strong>\u0130\u00e7 Denetim<\/strong>: Sistemin etkinli\u011finin de\u011ferlendirilmesi.<\/li>\n\n\n\n<li><strong>Belgelendirme Denetimi<\/strong>: Ba\u011f\u0131ms\u0131z bir belgelendirme kurulu\u015fu taraf\u0131ndan denetlenmesi ve sertifikaland\u0131r\u0131lmas\u0131.<\/li>\n<\/ol>\n\n\n\n<p class=\"has-secondary-color has-text-color has-link-color wp-elements-c377bd20032e8245ee21912a7ac7ba51\">ISO 14001, her b\u00fcy\u00fckl\u00fckteki ve her sekt\u00f6rdeki kurulu\u015f i\u00e7in uygundur ve \u00e7evresel sorumluluklar\u0131n\u0131 yerine getirmek isteyen kurulu\u015flar i\u00e7in \u00f6nemli bir ara\u00e7t\u0131r.<\/p>\n","protected":false},"excerpt":{"rendered":"<p>ISO 14001 \u00c7evre Y\u00f6netimi Sistemi ISO 14001, \u00e7evre y\u00f6netim sistemleri (\u00c7YS) i\u00e7in uluslararas\u0131 bir standartt\u0131r ve kurulu\u015flar\u0131n \u00e7evresel etkilerini y\u00f6netmelerine, azaltmalar\u0131na ve s\u00fcrd\u00fcr\u00fclebilir uygulamalar geli\u015ftirmelerine yard\u0131mc\u0131 olur. Bu standart, ISO (Uluslararas\u0131 Standardizasyon \u00d6rg\u00fct\u00fc) taraf\u0131ndan geli\u015ftirilmi\u015ftir ve kurulu\u015flar\u0131n \u00e7evresel performanslar\u0131n\u0131 iyile\u015ftirmeleri i\u00e7in bir \u00e7er\u00e7eve sunar. ISO 14001&#8217;in Temel \u00d6zellikleri: ISO 14001&#8217;in Faydalar\u0131: ISO 14001 Sertifikasyon S\u00fcreci: [&hellip;]<\/p>\n","protected":false},"author":1,"featured_media":0,"parent":0,"menu_order":0,"comment_status":"closed","ping_status":"closed","template":"","meta":{"footnotes":""},"class_list":["post-259","page","type-page","status-publish","hentry"],"_links":{"self":[{"href":"http:\/\/www.caganosgb.com.tr\/index.php\/wp-json\/wp\/v2\/pages\/259","targetHints":{"allow":["GET"]}}],"collection":[{"href":"http:\/\/www.caganosgb.com.tr\/index.php\/wp-json\/wp\/v2\/pages"}],"about":[{"href":"http:\/\/www.caganosgb.com.tr\/index.php\/wp-json\/wp\/v2\/types\/page"}],"author":[{"embeddable":true,"href":"http:\/\/www.caganosgb.com.tr\/index.php\/wp-json\/wp\/v2\/users\/1"}],"replies":[{"embeddable":true,"href":"http:\/\/www.caganosgb.com.tr\/index.php\/wp-json\/wp\/v2\/comments?post=259"}],"version-history":[{"count":3,"href":"http:\/\/www.caganosgb.com.tr\/index.php\/wp-json\/wp\/v2\/pages\/259\/revisions"}],"predecessor-version":[{"id":284,"href":"http:\/\/www.caganosgb.com.tr\/index.php\/wp-json\/wp\/v2\/pages\/259\/revisions\/284"}],"wp:attachment":[{"href":"http:\/\/www.caganosgb.com.tr\/index.php\/wp-json\/wp\/v2\/media?parent=259"}],"curies":[{"name":"wp","href":"https:\/\/api.w.org\/{rel}","templated":true}]}}